{"id":10,"date":"2016-11-14T18:36:52","date_gmt":"2016-11-14T18:36:52","guid":{"rendered":"http:\/\/betinaattas.com.ar\/?page_id=10"},"modified":"2018-06-11T15:41:46","modified_gmt":"2018-06-11T15:41:46","slug":"home","status":"publish","type":"page","link":"https:\/\/betinaattas.com.ar\/","title":{"rendered":"Home"},"content":{"rendered":"<div id=\"new-royalslider-3\" class=\"royalSlider new-royalslider-3 rsUni rs-default-template\" style=\"width:100%;height:500px;;\">\n<div class=\"rsContent\">\n  <img decoding=\"async\" class=\"rsImg\" src=\"https:\/\/betinaattas.com.ar\/wp-content\/uploads\/6480-3.jpg\" alt=\"6480\"\/>\n  \n  \n  \n<\/div>\n<div class=\"rsContent\">\n  <img decoding=\"async\" class=\"rsImg\" src=\"https:\/\/betinaattas.com.ar\/wp-content\/uploads\/6477-3.jpg\" alt=\"6477\"\/>\n  \n  \n  \n<\/div>\n<div class=\"rsContent\">\n  <img decoding=\"async\" class=\"rsImg\" src=\"https:\/\/betinaattas.com.ar\/wp-content\/uploads\/Pol\u00edptico-M\u00e1s-all\u00e1-de-la-luz-3-acr\u00edlico-sobre-tela-150x192cm-2017-1.jpg\" alt=\"Pol\u00edptico M\u00e1s all\u00e1 de la luz 3, acr\u00edlico sobre tela, 150x192cm, 2017\"\/>\n  \n  \n  \n<\/div>\n<div class=\"rsContent\">\n  <img decoding=\"async\" class=\"rsImg\" src=\"https:\/\/betinaattas.com.ar\/wp-content\/uploads\/4260-triptico-3.jpg\" alt=\"4260 triptico\"\/>\n  \n  \n  \n<\/div>\n<div class=\"rsContent\">\n  <img decoding=\"async\" class=\"rsImg\" src=\"https:\/\/betinaattas.com.ar\/wp-content\/uploads\/6482-3.jpg\" alt=\"6482\"\/>\n  \n  \n  \n<\/div>\n<div class=\"rsContent\">\n  <img decoding=\"async\" class=\"rsImg\" src=\"https:\/\/betinaattas.com.ar\/wp-content\/uploads\/6486-3-619x1500.jpg\" alt=\"6486\"\/>\n  \n  \n  \n<\/div>\n<div class=\"rsContent\">\n  <img decoding=\"async\" class=\"rsImg\" src=\"https:\/\/betinaattas.com.ar\/wp-content\/uploads\/6488-3.jpg\" alt=\"6488\"\/>\n  \n  \n  \n<\/div>\n\n<\/div>\n\n","protected":false},"excerpt":{"rendered":"","protected":false},"author":1,"featured_media":0,"parent":0,"menu_order":0,"comment_status":"open","ping_status":"open","template":"template-homepage.php","meta":{"footnotes":""},"class_list":["post-10","page","type-page","status-publish","hentry"],"_links":{"self":[{"href":"https:\/\/betinaattas.com.ar\/index.php?rest_route=\/wp\/v2\/pages\/10","targetHints":{"allow":["GET"]}}],"collection":[{"href":"https:\/\/betinaattas.com.ar\/index.php?rest_route=\/wp\/v2\/pages"}],"about":[{"href":"https:\/\/betinaattas.com.ar\/index.php?rest_route=\/wp\/v2\/types\/page"}],"author":[{"embeddable":true,"href":"https:\/\/betinaattas.com.ar\/index.php?rest_route=\/wp\/v2\/users\/1"}],"replies":[{"embeddable":true,"href":"https:\/\/betinaattas.com.ar\/index.php?rest_route=%2Fwp%2Fv2%2Fcomments&post=10"}],"version-history":[{"count":9,"href":"https:\/\/betinaattas.com.ar\/index.php?rest_route=\/wp\/v2\/pages\/10\/revisions"}],"predecessor-version":[{"id":4306,"href":"https:\/\/betinaattas.com.ar\/index.php?rest_route=\/wp\/v2\/pages\/10\/revisions\/4306"}],"wp:attachment":[{"href":"https:\/\/betinaattas.com.ar\/index.php?rest_route=%2Fwp%2Fv2%2Fmedia&parent=10"}],"curies":[{"name":"wp","href":"https:\/\/api.w.org\/{rel}","templated":true}]}}